 6?
5
-32 (base 16) to base 13
-3b
3 (base 7) to base 5
3
What is 65 (base 13) in base 8?
123
32 (base 5) to base 2
10001
What is 3b (base 13) in base 16?
32
-6 (base 10) to base 6
-10
What is 34 (base 8) in base 9?
31
-44 (base 8) to base 15
-26
What is -3 (base 16) in base 2?
-11
-8 (base 16) to base 4
-20
Convert 14 (base 10) to base 9.
15
What is -111 (base 12) in base 16?
-9d
8 (base 14) to base 13
8
What is 0 (base 5) in base 8?
0
What is 0 (base 4) in base 7?
0
What is -30 (base 7) in base 16?
-15
-32 (base 15) to base 7
-65
What is -4 (base 7) in base 4?
-10
-8 (base 15) to base 8
-10
-14 (base 12) to base 3
-121
Convert 114 (base 8) to base 6.
204
Convert 13 (base 4) to base 11.
7
2222 (base 3) to base 4
1100
-2 (base 11) to base 12
-2
5 (base 12) to base 15
5
What is 4 (base 7) in base 8?
4
What is -6 (base 11) in base 6?
-10
-10 (base 2) to base 6
-2
What is -52 (base 9) in base 8?
-57
What is 433 (base 6) in base 12?
119
59 (base 16) to base 4
1121
What is 112 (base 12) in base 6?
422
What is -4 (base 10) in base 13?
-4
142 (base 6) to base 13
4a
Convert -37 (base 12) to base 5.
-133
Convert 11 (base 2) to base 15.
3
Convert 3 (base 12) to base 10.
3
Convert 22 (base 11) to base 7.
33
What is -10121 (base 4) in base 9?
-342
-4 (base 8) to base 6
-4
Convert -264 (base 8) to base 9.
-220
d (base 16) to base 12
11
3 (base 16) to base 13
3
What is -2 (base 8) in base 2?
-10
14 (base 16) to base 8
24
Convert 3 (base 6) to base 13.
3
What is 440 (base 6) in base 16?
a8
Convert -2 (base 14) to base 13.
-2
Convert 20 (base 3) to base 8.
6
6 (base 13) to base 14
6
What is -10 (base 8) in base 12?
-8
What is -1311 (base 5) in base 14?
-10a
What is -b6 (base 13) in base 16?
-95
10 (base 3) to base 15
3
-3 (base 10) to base 11
-3
3 (base 11) to base 12
3
10 (base 10) to base 4
22
12 (base 4) to base 5
11
-78 (base 15) to base 13
-89
What is 2210 (base 3) in base 4?
1023
-1 (base 7) to base 14
-1
30 (base 15) to base 12
39
-1 (base 2) to base 13
-1
What is -43 (base 16) in base 9?
-74
-3 (base 9) to base 7
-3
What is 6b (base 14) in base 5?
340
What is -8 (base 14) in base 9?
-8
What is -4 (base 9) in base 2?
-100
-15 (base 15) to base 6
-32
531 (base 8) to base 10
345
Convert a (base 14) to base 9.
11
What is -100111 (base 2) in base 9?
-43
What is a (base 15) in base 8?
12
What is 4 (base 9) in base 12?
4
-c3 (base 13) to base 4
-2133
What is 2 (base 5) in base 7?
2
What is 143 (base 12) in base 15?
d0
-210 (base 5) to base 7
-106
What is -22 (base 4) in base 12?
-a
3c (base 14) to base 11
4a
What is -49 (base 10) in base 9?
-54
Convert -20 (base 11) to base 9.
-24
a1 (base 12) to base 11
100
-24 (base 10) to base 4
-120
Convert 30 (base 9) to base 13.
21
183 (base 15) to base 5
2343
Convert -10 (base 7) to base 14.
-7
What is 102 (base 5) in base 6?
43
Convert 0 (base 7) to base 6.
0
-9 (base 11) to base 15
-9
What is -2 (base 8) in base 7?
-2
What is 5 (base 9) in base 8?
5
101 (base 2) to base 12
5
Convert 17 (base 12) to base 11.
18
What is -17 (base 14) in base 7?
-30
What is 213 (base 8) in base 12?
b7
-212 (base 5) to base 3
-2010
What is -11 (base 9) in base 6?
-14
Convert 2000 (base 4) to base 14.
92
1c (base 13) to base 3
221
What is 22 (base 6) in base 2?
1110
5 (base 8) to base 10
5
What is -436 (base 9) in base 12?
-259
-5 (base 14) to base 9
-5
6 (base 13) to base 7
6
Convert -1 (base 7) to base 4.
-1
What is 1220 (base 5) in base 13?
113
2 (base 8) to base 6
2
Convert 1 (base 12) to base 14.
1
Convert 110 (base 4) to base 5.
40
Convert -1 (base 7) to base 5.
-1
Convert 27 (base 13) to base 9.
36
Convert -112 (base 4) to base 5.
-42
223 (base 13) to base 16
16f
-30 (base 15) to base 13
-36
What is -7 (base 9) in base 11?
-7
46 (base 16) to base 2
1000110
What is -1001 (base 2) in base 11?
-9
What is 1001000 (base 2) in base 6?
200
514 (base 6) to base 3
21001
Convert -b (base 12) to base 16.
-b
What is -c (base 13) in base 16?
-c
6 (base 14) to base 3
20
What is -3 (base 12) in base 8?
-3
36 (base 16) to base 15
39
1 (base 13) to base 11
1
Convert 29 (base 16) to base 2.
101001
What is -20 (base 4) in base 13?
-8
Convert 3 (base 14) to base 5.
3
What is 2 (base 14) in base 6?
2
10 (base 9) to base 11
9
Convert -4 (base 8) to base 2.
-100
What is 2 (base 13) in base 6?
2
What is -b (base 16) in base 10?
-11
What is a0 (base 14) in base 8?
214
Convert -43 (base 10) to base 13.
-34
17 (base 8) to base 16
f
What is 2 (base 3) in base 8?
2
-10110 (base 4) to base 13
-183
What is 2 (base 9) in base 14?
2
1 (base 14) to base 16
1
Convert 1 (base 12) to base 13.
1
What is 13 (base 5) in base 6?
12
Convert -1 (base 4) to base 5.
-1
16 (base 15) to base 3
210
Convert -20 (base 6) to base 14.
-c
What is -19 (base 11) in base 12?
-18
8 (base 15) to base 12
8
0 (base 15) to base 3
0
What is 142 (base 7) in base 16?
4f
-12 (base 11) to base 12
-11
-4e (base 16) to base 13
-60
What is -4 (base 13) in base 4?
-10
Convert 1 (base 9) to base 5.
1
c (base 16) to base 15
c
-3 (base 13) to base 2
-11
What is 1100011 (base 2) in base 15?
69
1 (base 4) to base 15
1
Convert 30 (base 6) to base 16.
12
-3 (base 4) to base 5
-3
Convert 3 (base 5) to base 7.
3
-22011 (base 3) to base 15
-ea
18 (base 14) to base 2
10110
-2110 (base 3) to base 9
-73
Convert -150 (base 7) to base 2.
-1010100
-5 (base 15) to base 16
-5
-c (base 15) to base 2
-1100
What is -110111 (base 2) in base 15?
-3a
-4 (base 11) to base 16
-4
10101000 (base 2) to base 3
20020
Convert -14 (base 13) to base 16.
-11
What is 100 (base 7) in base 13?
3a
-1 (base 11) to base 16
-1
What is -18 (base 13) in base 11?
-1a
16 (base 11) to base 16
11
-11 (base 5) to base 16
-6
-303 (base 7) to base 8
-226
1001 (base 5) to base 14
90
Convert -b (base 12) to base 5.
-21
93 (base 15) to base 11
116
What is -3 (base 14) in base 9?
-3
Convert -21 (base 7) to base 3.
-120
Convert 5 (base 14) to base 16.
5
Convert -9 (base 12) to base 6.
-13
What is -3 (base 6) in base 3?
-10
-54 (base 8) to base 11
-40
Convert -57 (base 9) to base 3.
-1221
13 (base 4) to base 2
111
Convert 120 (base 5) to base 6.
55
103 (base 9) to base 14
60
Convert -10001 (base 2) to base 3.
-122
Convert 58 (base 9) to base 4.
311
-1321 (base 4) to base 6
-321
1 (base 10) to base 3
1
Convert 1 (base 5) to base 10.
1
What is 1 (base 11) in base 16?
1
Convert -2 (base 12) to base 6.
-2
What is 13 (base 4) in base 5?
12
What is -125 (base 8) in base 7?
-151
What is 1 (base 2) in base 16?
1
What is 2 (base 11) in base 14?
2
What is -2 (base 5) in base 6?
-2
Convert 8 (base 12) to base 3.
22
What is -bf (base 16) in base 10?
-191
Convert 4 (base 11) to base 2.
100
Convert -102 (base 11) to base 15.
-83
32 (base 8) to base 10
26
Convert 0 (base 15) to base 8.
0
-1 (base 4) to base 11
-1
-53 (base 7) to base 12
-32
What is -1 (base 5) in base 13?
-1
What is b (base 16) in base 8?
13
Convert -7d (base 15) to base 8.
-166
What is -12 (base 6) in base 5?
-13
Convert -2 (base 11) to base 5.
-2
Convert 6 (base 15) to base 12.
6
Convert -1 (base 5) to base 12.
-1
Convert -121 (base 3) to base 14.
-12
Convert 15 (base 11) to base 13.
13
Convert 3 (base 12) to base 14.
3
Convert -2200 (base 3) to base 16.
-48
35 (base 6) to base 12
1b
Convert 8c (base 13) to base 16.
74
What is 72 (base 8) in base 4?
322
Convert -22 (base 5) to base 2.
-1100
130 (base 6) to base 14
3c
0 (base 7) to base 16
0
10 (base 8) to base 3
22
What is 260 (base 11) in base 3?
102102
Convert 3 (base 4) to base 7.
3
What is 3 (base 15) in base 9?
3
What is 12 (base 14) in base 11?
15
Convert 11 (base 9) to base 8.
12
What is 3 (base 16) in base 11?
3
Convert 110 (base 2) to base 5.
11
What is 411 (base 6) in base 11?
128
Convert -11 (base 9) to base 5.
-20
What is 12 (base 9) in base 14?
b
0 (base 13) to base 6
0
Convert -44 (base 6) to base 5.
-103
What is 6 (base 14) in base 8?
6
8 (base 11) to base 3
22
100 (base 4) to base 5
31
What is 24 (base 11) in base 8?
32
37 (base 11) to base 12
34
What is -1411 (base 5) in base 14?
-127
What is 3 (base 5) in base 3?
10
What is -202 (base 3) in base 14?
-16
Convert -15 (base 9) to base 6.
-22
-3 (base 8) to base 2
-11
-4 (base 7) to base 5
-4
What is 318 (base 10) in base 11?
26a
Convert 4 (base 16) to base 11.
4
What is 1 (base 5) 